{"id":42,"date":"2015-02-16T16:20:33","date_gmt":"2015-02-16T16:20:33","guid":{"rendered":"http:\/\/psychotherapie-bommer.ch\/data\/?page_id=42"},"modified":"2023-06-30T20:30:28","modified_gmt":"2023-06-30T20:30:28","slug":"zur-person","status":"publish","type":"page","link":"http:\/\/psychotherapie-bommer.ch\/data\/zur-person\/","title":{"rendered":"\u00dcber mich"},"content":{"rendered":"<p>Eidgen\u00f6ssisch anerkannte Fachpsychologin f\u00fcr Psychotherapie FSP (F\u00f6rderation Schweizer Psychologen)<\/p>\n<p>Aktuell in der Weiterbildung zur Schematherapeutin<\/p>\n<p>T\u00e4tig in eigener Praxis in Luzern<\/p>\n<p>Praxisbewilligung des Kantons Luzern<\/p>\n<p>Approbation zur Psychologischen Psychotherapeutin in Hessen\/Deutschland<\/p>\n<p>Ausbildung zur Verhaltenstherapeutin bei der Gesellschaft f\u00fcr Ausbildung in Psychotherapie in Frankfurt am Main (GAPmbH)\/Deutschland<\/p>\n<p>Mehrj\u00e4hrige psychotherapeutische T\u00e4tigkeit in der Stadtklinik Frankenthal\/Deutschland Abteilung Psychiatrie sowie in der psychotherapeutischen Ambulanz der Gesellschaft f\u00fcr Ausbildung in Psychotherapie in Frankfurt am Main (GAPmbH)\/Deutschland<\/p>\n<p>Diplom in Psychologie Universit\u00e4t Frankfurt am Main\/Deutschland<\/p>\n<p>Ausbildung zur Eventmanagerin in Hamburg<\/p>\n<p>Mehrj\u00e4hrige T\u00e4tigkeit in den Bereichen Marketing, Presse und \u00d6ffentlichkeitsarbeit in Mannheim\/Deutschland<\/p>\n<p><strong>Mitgliedschaften:<\/strong><br \/>\n<a href=\"F\u00f6rderation%20der Schweizer Psychologinnen und Psychologen (FSP)\" target=\"_blank\" rel=\"noopener noreferrer\">F\u00f6rderation der Schweizer Psychologinnen und Psychologen\u00a0<\/a>(FSP)<br \/>\n<a href=\"http:\/\/www.vipp.ch\" target=\"_blank\" rel=\"noopener noreferrer\">Verband der Innerschweizer Psychologinnen und Psychologen<\/a> (vipp)<\/p>\n<p><a href=\"http:\/\/www.santesuisse.ch\" target=\"_blank\" rel=\"noopener noreferrer\">sant\u00e9suisse Die Schweizer Krankenversicherer<\/a><\/p>\n<p><a href=\"https:\/\/verband-vpz.ch\/\">Verband PsychotherpeutInnen Zentralschweiz<\/a> (vpz)<\/p>\n","protected":false},"excerpt":{"rendered":"<p class=\"excerpt\">Eidgen\u00f6ssisch anerkannte Fachpsychologin f\u00fcr Psychotherapie FSP (F\u00f6rderation Schweizer Psychologen) Aktuell in der Weiterbildung zur Schematherapeutin T\u00e4tig in eigener Praxis in Luzern Praxisbewilligung des Kantons Luzern Approbation zur Psychologischen Psychotherapeutin in Hessen\/Deutschland Ausbildung zur Verhaltenstherapeutin bei der Gesellschaft f\u00fcr Ausbildung in Psychotherapie in Frankfurt am Main (GAPmbH)\/Deutschland Mehrj\u00e4hrige psychotherapeutische T\u00e4tigkeit in der Stadtklinik Frankenthal\/Deutschland Abteilung Psychiatrie sowie in der psychotherapeutischen Ambulanz&hellip;<\/p>\n<p class=\"more-link-p\"><a class=\"btn btn-default\" href=\"http:\/\/psychotherapie-bommer.ch\/data\/zur-person\/\">Read more<\/a><\/p>\n","protected":false},"author":1,"featured_media":0,"parent":0,"menu_order":0,"comment_status":"closed","ping_status":"closed","template":"","meta":[],"_links":{"self":[{"href":"http:\/\/psychotherapie-bommer.ch\/data\/wp-json\/wp\/v2\/pages\/42"}],"collection":[{"href":"http:\/\/psychotherapie-bommer.ch\/data\/wp-json\/wp\/v2\/pages"}],"about":[{"href":"http:\/\/psychotherapie-bommer.ch\/data\/wp-json\/wp\/v2\/types\/page"}],"author":[{"embeddable":true,"href":"http:\/\/psychotherapie-bommer.ch\/data\/wp-json\/wp\/v2\/users\/1"}],"replies":[{"embeddable":true,"href":"http:\/\/psychotherapie-bommer.ch\/data\/wp-json\/wp\/v2\/comments?post=42"}],"version-history":[{"count":13,"href":"http:\/\/psychotherapie-bommer.ch\/data\/wp-json\/wp\/v2\/pages\/42\/revisions"}],"predecessor-version":[{"id":867,"href":"http:\/\/psychotherapie-bommer.ch\/data\/wp-json\/wp\/v2\/pages\/42\/revisions\/867"}],"wp:attachment":[{"href":"http:\/\/psychotherapie-bommer.ch\/data\/wp-json\/wp\/v2\/media?parent=42"}],"curies":[{"name":"wp","href":"https:\/\/api.w.org\/{rel}","templated":true}]}}

Über mich

<p>Eidgenössisch anerkannte Fachpsychologin für Psychotherapie FSP (Förderation Schweizer Psychologen)</p>
<p>Aktuell in der Weiterbildung zur Schematherapeutin</p>
<p>Tätig in eigener Praxis in Luzern</p>
<p>Praxisbewilligung des Kantons Luzern</p>
<p>Approbation zur Psychologischen Psychotherapeutin in Hessen/Deutschland</p>
<p>Ausbildung zur Verhaltenstherapeutin bei der Gesellschaft für Ausbildung in Psychotherapie in Frankfurt am Main (GAPmbH)/Deutschland</p>
<p>Mehrjährige psychotherapeutische Tätigkeit in der Stadtklinik Frankenthal/Deutschland Abteilung Psychiatrie sowie in der psychotherapeutischen Ambulanz der Gesellschaft für Ausbildung in Psychotherapie in Frankfurt am Main (GAPmbH)/Deutschland</p>
<p>Diplom in Psychologie Universität Frankfurt am Main/Deutschland</p>
<p>Ausbildung zur Eventmanagerin in Hamburg</p>
<p>Mehrjährige Tätigkeit in den Bereichen Marketing, Presse und Öffentlichkeitsarbeit in Mannheim/Deutschland</p>
<p><strong>Mitgliedschaften:</strong><br />
<a href="Förderation%20der Schweizer Psychologinnen und Psychologen (FSP)" target="_blank" rel="noopener noreferrer">Förderation der Schweizer Psychologinnen und Psychologen </a>(FSP)<br />
<a href="http://www.vipp.ch" target="_blank" rel="noopener noreferrer">Verband der Innerschweizer Psychologinnen und Psychologen</a> (vipp)</p>
<p><a href="http://www.santesuisse.ch" target="_blank" rel="noopener noreferrer">santésuisse Die Schweizer Krankenversicherer</a></p>
<p><a href="https://verband-vpz.ch/">Verband PsychotherpeutInnen Zentralschweiz</a> (vpz)</p>

<p class="excerpt">Eidgenössisch anerkannte Fachpsychologin für Psychotherapie FSP (Förderation Schweizer Psychologen) Aktuell in der Weiterbildung zur Schematherapeutin Tätig in eigener Praxis in Luzern Praxisbewilligung des Kantons Luzern Approbation zur Psychologischen Psychotherapeutin in Hessen/Deutschland Ausbildung zur Verhaltenstherapeutin bei der Gesellschaft für Ausbildung in Psychotherapie in Frankfurt am Main (GAPmbH)/Deutschland Mehrjährige psychotherapeutische Tätigkeit in der Stadtklinik Frankenthal/Deutschland Abteilung Psychiatrie sowie in der psychotherapeutischen Ambulanz&hellip;</p>
<p class="more-link-p"><a class="btn btn-default" href="http://psychotherapie-bommer.ch/data/zur-person/">Read more</a></p>
