{"id":6,"date":"2015-02-11T19:32:48","date_gmt":"2015-02-11T19:32:48","guid":{"rendered":"http:\/\/psychotherapie-bommer.ch\/data\/?page_id=6"},"modified":"2025-10-15T04:54:11","modified_gmt":"2025-10-15T04:54:11","slug":"info","status":"publish","type":"page","link":"http:\/\/psychotherapie-bommer.ch\/data\/","title":{"rendered":"Info"},"content":{"rendered":"<p><img decoding=\"async\" loading=\"lazy\" class=\"wp-image-486  alignleft\" src=\"http:\/\/psychotherapie-bommer.ch\/data\/wp-content\/uploads\/2020\/11\/dipl-psychologin-tina-bommer-1.jpg\" alt=\"Diplom Psychologin Tina Bommer, Luzern, Schweiz\" width=\"270\" height=\"403\" srcset=\"http:\/\/psychotherapie-bommer.ch\/data\/wp-content\/uploads\/2020\/11\/dipl-psychologin-tina-bommer-1.jpg 803w, http:\/\/psychotherapie-bommer.ch\/data\/wp-content\/uploads\/2020\/11\/dipl-psychologin-tina-bommer-1-201x300.jpg 201w, http:\/\/psychotherapie-bommer.ch\/data\/wp-content\/uploads\/2020\/11\/dipl-psychologin-tina-bommer-1-685x1024.jpg 685w, http:\/\/psychotherapie-bommer.ch\/data\/wp-content\/uploads\/2020\/11\/dipl-psychologin-tina-bommer-1-768x1148.jpg 768w\" sizes=\"(max-width: 270px) 100vw, 270px\" \/><\/p>\n<p><span style=\"color: #ff0000;\"><strong>Aktuell keine Aufnahmekapazit\u00e4t. Derzeit kann ich weder Therapiepl\u00e4tze noch Erstgespr\u00e4che anbieten.\u00a0\u00a0<\/strong><\/span><\/p>\n<p><strong>Herzlich Willkommen auf der Homepage meiner <\/strong><strong>Praxis f\u00fcr Psychotherapie und Psychologische Beratung.<\/strong><\/p>\n<p>Es ist v\u00f6llig normal auch einmal niedergeschlagen, \u00e4ngstlich oder durch verschiedene Probleme beeintr\u00e4chtigt zu sein. Dies bedarf meist keiner professionellen Unterst\u00fctzung und geh\u00f6rt zum menschlichen Leben und Erleben\u00a0dazu. Wenn aber Schlafst\u00f6rungen, \u00c4ngste, schlechte Stimmung, Kraft- und Freudlosigkeit anhalten oder Sie ein Verhalten zeigen, dass Sie nicht m\u00f6chten, aber auch nicht \u00e4ndern k\u00f6nnen, dann kann es sinnvoll sein eine psychologische Fachkraft zu kontaktieren.<\/p>\n<p>Wenn Sie sich unsicher sind, ob Sie psychotherapeutische Hilfe ben\u00f6tigen, k\u00f6nnen Sie gern mit mir Kontakt aufnehmen.<\/p>\n<p>Mein Ziel ist es, gemeinsam mit Ihnen in einem \u00fcberschaubaren Zeitrahmen m\u00f6glichst konkrete und alltagstaugliche L\u00f6sungswege zu finden, um Ihr Wohlbefinden zu f\u00f6rdern und ihre Lebensqualit\u00e4t zu verbessern.<\/p>\n","protected":false},"excerpt":{"rendered":"<p class=\"excerpt\">Aktuell keine Aufnahmekapazit\u00e4t. Derzeit kann ich weder Therapiepl\u00e4tze noch Erstgespr\u00e4che anbieten.\u00a0\u00a0 Herzlich Willkommen auf der Homepage meiner Praxis f\u00fcr Psychotherapie und Psychologische Beratung. Es ist v\u00f6llig normal auch einmal niedergeschlagen, \u00e4ngstlich oder durch verschiedene Probleme beeintr\u00e4chtigt zu sein. Dies bedarf meist keiner professionellen Unterst\u00fctzung und geh\u00f6rt zum menschlichen Leben und Erleben\u00a0dazu. Wenn aber Schlafst\u00f6rungen, \u00c4ngste, schlechte Stimmung, Kraft- und Freudlosigkeit&hellip;<\/p>\n<p class=\"more-link-p\"><a class=\"btn btn-default\" href=\"http:\/\/psychotherapie-bommer.ch\/data\/\">Read more<\/a><\/p>\n","protected":false},"author":1,"featured_media":0,"parent":0,"menu_order":0,"comment_status":"closed","ping_status":"closed","template":"","meta":[],"_links":{"self":[{"href":"http:\/\/psychotherapie-bommer.ch\/data\/wp-json\/wp\/v2\/pages\/6"}],"collection":[{"href":"http:\/\/psychotherapie-bommer.ch\/data\/wp-json\/wp\/v2\/pages"}],"about":[{"href":"http:\/\/psychotherapie-bommer.ch\/data\/wp-json\/wp\/v2\/types\/page"}],"author":[{"embeddable":true,"href":"http:\/\/psychotherapie-bommer.ch\/data\/wp-json\/wp\/v2\/users\/1"}],"replies":[{"embeddable":true,"href":"http:\/\/psychotherapie-bommer.ch\/data\/wp-json\/wp\/v2\/comments?post=6"}],"version-history":[{"count":80,"href":"http:\/\/psychotherapie-bommer.ch\/data\/wp-json\/wp\/v2\/pages\/6\/revisions"}],"predecessor-version":[{"id":940,"href":"http:\/\/psychotherapie-bommer.ch\/data\/wp-json\/wp\/v2\/pages\/6\/revisions\/940"}],"wp:attachment":[{"href":"http:\/\/psychotherapie-bommer.ch\/data\/wp-json\/wp\/v2\/media?parent=6"}],"curies":[{"name":"wp","href":"https:\/\/api.w.org\/{rel}","templated":true}]}}

<p><img decoding="async" loading="lazy" class="wp-image-486  alignleft" src="http://psychotherapie-bommer.ch/data/wp-content/uploads/2020/11/dipl-psychologin-tina-bommer-1.jpg" alt="Diplom Psychologin Tina Bommer, Luzern, Schweiz" width="270" height="403" srcset="http://psychotherapie-bommer.ch/data/wp-content/uploads/2020/11/dipl-psychologin-tina-bommer-1.jpg 803w, http://psychotherapie-bommer.ch/data/wp-content/uploads/2020/11/dipl-psychologin-tina-bommer-1-201x300.jpg 201w, http://psychotherapie-bommer.ch/data/wp-content/uploads/2020/11/dipl-psychologin-tina-bommer-1-685x1024.jpg 685w, http://psychotherapie-bommer.ch/data/wp-content/uploads/2020/11/dipl-psychologin-tina-bommer-1-768x1148.jpg 768w" sizes="(max-width: 270px) 100vw, 270px" /></p>
<p><span style="color: #ff0000;"><strong>Aktuell keine Aufnahmekapazität. Derzeit kann ich weder Therapieplätze noch Erstgespräche anbieten.  </strong></span></p>
<p><strong>Herzlich Willkommen auf der Homepage meiner </strong><strong>Praxis für Psychotherapie und Psychologische Beratung.</strong></p>
<p>Es ist völlig normal auch einmal niedergeschlagen, ängstlich oder durch verschiedene Probleme beeinträchtigt zu sein. Dies bedarf meist keiner professionellen Unterstützung und gehört zum menschlichen Leben und Erleben dazu. Wenn aber Schlafstörungen, Ängste, schlechte Stimmung, Kraft- und Freudlosigkeit anhalten oder Sie ein Verhalten zeigen, dass Sie nicht möchten, aber auch nicht ändern können, dann kann es sinnvoll sein eine psychologische Fachkraft zu kontaktieren.</p>
<p>Wenn Sie sich unsicher sind, ob Sie psychotherapeutische Hilfe benötigen, können Sie gern mit mir Kontakt aufnehmen.</p>
<p>Mein Ziel ist es, gemeinsam mit Ihnen in einem überschaubaren Zeitrahmen möglichst konkrete und alltagstaugliche Lösungswege zu finden, um Ihr Wohlbefinden zu fördern und ihre Lebensqualität zu verbessern.</p>

<p class="excerpt">Aktuell keine Aufnahmekapazität. Derzeit kann ich weder Therapieplätze noch Erstgespräche anbieten.   Herzlich Willkommen auf der Homepage meiner Praxis für Psychotherapie und Psychologische Beratung. Es ist völlig normal auch einmal niedergeschlagen, ängstlich oder durch verschiedene Probleme beeinträchtigt zu sein. Dies bedarf meist keiner professionellen Unterstützung und gehört zum menschlichen Leben und Erleben dazu. Wenn aber Schlafstörungen, Ängste, schlechte Stimmung, Kraft- und Freudlosigkeit&hellip;</p>
<p class="more-link-p"><a class="btn btn-default" href="http://psychotherapie-bommer.ch/data/">Read more</a></p>
